{"id":1529,"date":"2022-04-22T12:05:43","date_gmt":"2022-04-22T15:05:43","guid":{"rendered":"https:\/\/mimus.com.br\/?post_type=project&#038;p=1529"},"modified":"2022-05-04T06:39:57","modified_gmt":"2022-05-04T09:39:57","slug":"alegria-de-viver-eng","status":"publish","type":"project","link":"https:\/\/mimus.com.br\/en\/project\/alegria-de-viver-eng\/","title":{"rendered":"Alegria de viver eng"},"content":{"rendered":"<p>[et_pb_section fb_built=&#8221;1&#8243; _builder_version=&#8221;4.10.7&#8243; _module_preset=&#8221;default&#8221; global_colors_info=&#8221;{}&#8221;][et_pb_row column_structure=&#8221;1_2,1_2&#8243; _builder_version=&#8221;4.10.7&#8243; _module_preset=&#8221;default&#8221; global_colors_info=&#8221;{}&#8221;][et_pb_column type=&#8221;1_2&#8243; _builder_version=&#8221;4.10.7&#8243; _module_preset=&#8221;default&#8221; global_colors_info=&#8221;{}&#8221;][et_pb_text _builder_version=&#8221;4.10.7&#8243; _module_preset=&#8221;default&#8221; text_font=&#8221;Arial||||||||&#8221; text_line_height=&#8221;1.5em&#8221; text_orientation=&#8221;justified&#8221; global_colors_info=&#8221;{}&#8221;]<\/p>\n<h4><a href=\"https:\/\/mimus.com.br\/en\/\"><img loading=\"lazy\" decoding=\"async\" class=\"wp-image-1934 alignnone \" src=\"https:\/\/mimus.com.br\/wp-content\/uploads\/2022\/04\/HOME-300x292.png\" alt=\"\" width=\"42\" height=\"41\" \/> <strong>back to menu<\/strong><\/a><\/h4>\n<p>&nbsp;<\/p>\n<h1 id=\"portfolio-single-title\" class=\"single-post-title entry-title\">Alegria de viver<\/h1>\n<p><strong>SCULPTURE (to Artist): \u201cI made you. I shaped you as a sculptor.\u201d\u00a0<\/strong><\/p>\n<p>The clash between a sculptor and his sculpture about the value of art, the role of the artist and the cultural market is the basis of Alegria de Viver.\u00a0On stage, a Sculptor plans to get rid of his past works to start searching for new artistic forms.<\/p>\n<p>A Sculpture comes to life to claim its place. As in a kaleidoscope, characters take turns on both roles: who is the artist and creature?<\/p>\n<p>The result is a light show, full of beauty, poetry, plot twists, and humor.<\/p>\n<p>&nbsp;<\/p>\n<p>[\/et_pb_text][et_pb_video src=&#8221;https:\/\/www.youtube.com\/watch?v=oNyXfRoyWU8&#038;list=PL9-R2RKp-pNLjf86Ixlvil90ppMUhmgUX&#038;index=3&#8243; _builder_version=&#8221;4.10.7&#8243; _module_preset=&#8221;default&#8221; global_colors_info=&#8221;{}&#8221;][\/et_pb_video][\/et_pb_column][et_pb_column type=&#8221;1_2&#8243; _builder_version=&#8221;4.10.7&#8243; _module_preset=&#8221;default&#8221; global_colors_info=&#8221;{}&#8221;][et_pb_image src=&#8221;https:\/\/mimus.com.br\/wp-content\/uploads\/2021\/09\/AlegriadeViver_FotoAlessandraNohvais_2913-2-1-e1579659473833.jpg&#8221; title_text=&#8221;AlegriadeViver_FotoAlessandraNohvais_2913-2-1-e1579659473833&#8243; _builder_version=&#8221;4.10.7&#8243; _module_preset=&#8221;default&#8221; width=&#8221;62.7%&#8221; custom_margin=&#8221;|221px||||&#8221; custom_padding=&#8221;|50px||||&#8221; global_colors_info=&#8221;{}&#8221;][\/et_pb_image][et_pb_text _builder_version=&#8221;4.10.7&#8243; _module_preset=&#8221;default&#8221; text_font=&#8221;Arial||||||||&#8221; text_line_height=&#8221;1.5em&#8221; text_orientation=&#8221;justified&#8221; global_colors_info=&#8221;{}&#8221;]<\/p>\n<h2><b>Cast and crew<\/b><\/h2>\n<p>Written by: Deborah Moreira<br \/>Directed by: George Mascarenhas<br \/>Cast: Deborah Moreira e George Mascarenhas<br \/>Videos devised by: Dedeco Macedo<br \/>Light designer: Luciano Reis<br \/>Set and costume design by: Mimus \u2013 Cia. de Teatro<br \/>Music direction: Luciano Salvador Bahia<\/p>\n<p>[\/et_pb_text][\/et_pb_column][\/et_pb_row][et_pb_row _builder_version=&#8221;4.10.7&#8243; _module_preset=&#8221;default&#8221; global_colors_info=&#8221;{}&#8221;][et_pb_column type=&#8221;4_4&#8243; _builder_version=&#8221;4.10.7&#8243; _module_preset=&#8221;default&#8221; global_colors_info=&#8221;{}&#8221;][et_pb_gallery gallery_ids=&#8221;368,363,362,367,366,365,364,1084&#8243; posts_number=&#8221;20&#8243; _builder_version=&#8221;4.10.7&#8243; _module_preset=&#8221;default&#8221; title_text_color=&#8221;RGBA(0,0,0,0)&#8221; global_colors_info=&#8221;{}&#8221;][\/et_pb_gallery][et_pb_text _builder_version=&#8221;4.10.7&#8243; _module_preset=&#8221;default&#8221; global_colors_info=&#8221;{}&#8221;]<\/p>\n<h2>Running history<\/h2>\n<p><strong>Opening: Teatro do ICBA &#8211; Instituto Goethe (Salvador &#8211; BA) &#8211; <\/strong>may 2009<\/p>\n<p><strong>Performances<br \/><\/strong>Instituto Goethe (Salvador-BA) &#8211; may\/june 2009<br \/>Teatro SESI -Rio Vermelho (Salvador-Ba) &#8211; aug\/sept 2009<br \/>II Festival Nacional de Teatro (BA) &#8211; 2010<br \/>II Mostra de M\u00edmica Contempor\u00e2nea (SP) &#8211; 2011<br \/>Teatro SESI &#8211; Rio Vermelho &#8211; oct 2011<br \/>Circula\u00e7\u00e3o interior &#8211; Ilh\u00e9us\/Jequi\u00e9\/Brumado &#8211; Ba<br \/>III Mostra de M\u00edmica Contempor\u00e2nea (SP) &#8211; 2012<br \/>Teatro SESI &#8211; Rio Vermelho &#8211; oct 2012<br \/>Espa\u00e7o Xisto Bahia &#8211; apr 2013 &#8211; Mostra Mimus<br \/>Projeto Feira Mimus &#8211; Feira de Santana (Ba) &#8211; Teatro Am\u00e9lio Amorim &#8211; mar 2017<\/p>\n<p>Alegria de Viver was nominated to Pr\u00eamio Brasken de Teatro &#8211;<br \/>2010 for Best Actor(George Mascarenhas) and Best Playwright (Deborah Moreira)<\/p>\n<p>&nbsp;<\/p>\n<p>[\/et_pb_text][\/et_pb_column][\/et_pb_row][\/et_pb_section]<\/p>\n","protected":false},"excerpt":{"rendered":"<p>back to menu &nbsp; Alegria de viver SCULPTURE (to Artist): \u201cI made you. I shaped you as a sculptor.\u201d\u00a0 The clash between a sculptor and his sculpture about the value of art, the role of the artist and the cultural market is the basis of Alegria de Viver.\u00a0On stage, a Sculptor plans to get rid [&hellip;]<\/p>\n","protected":false},"author":3,"featured_media":361,"comment_status":"open","ping_status":"closed","template":"","meta":{"_et_pb_use_builder":"on","_et_pb_old_content":"<p><img class=\"size-medium wp-image-375 alignright\" src=\"https:\/\/mimus.com.br\/wp-content\/uploads\/2021\/09\/salome5-1500x1304-1-300x261.jpg\" alt=\"\" width=\"300\" height=\"261\" \/>Uma mulher \u00e0 procura de um lugar onde possa existir. Uma voz que deseja ser escutada.\u00a0Uma hist\u00f3ria abafada pela vers\u00e3o oficial.<\/p><p>A conhecida hist\u00f3ria de Salom\u00e9 \u00e9 revisitada pela Mimus\u00a0 para falar das muitas mulheres cujas vozes foram abafadas,\u00a0 caladas, que tiveram de lutar para serem escutadas.<\/p><p>Amea\u00e7ada pela tirania e enfrentando o discurso opressivo do poder pol\u00edtico institu\u00eddo por sua m\u00e3e e padrasto, Salom\u00e9 luta pela liberdade, enquanto tenta refazer a sua hist\u00f3ria para livrar-se da acusa\u00e7\u00e3o de ter sido a respons\u00e1vel pelo assassinato de Jo\u00e3o Batista.<\/p><p>Tendo a voz de Salom\u00e9 como eixo central, o espet\u00e1culo aborda tem\u00e1ticas e discuss\u00f5es contempor\u00e2neas como a explora\u00e7\u00e3o midi\u00e1tica de vers\u00f5es diversas de um mesmo fato, a necessidade de ver a hist\u00f3ria com novos olhos, o lugar do feminino na atualidade, as quest\u00f5es como poder, imagem, pol\u00edtica e viol\u00eancia. Refazendo Salom\u00e9 cruza vozes do passado e do presente, de mulheres em busca de sua pr\u00f3pria verdade.<\/p><p style=\"text-align: center;\">\u00a0 \u00a0 \u00a0 \u00a0 \u00a0 \u00a0 \u00a0 \u00a0 \u00a0 \u00a0 \u00a0 \u00a0 \u00a0 \u00a0 \u00a0 \u00a0 \u00a0 \u00a0 \u00a0 \u00a0 \u00a0 \u00a0 \u00a0 \u00a0 \u00a0 \u00a0 \u00a0 Fotos: Sora Maia<\/p><p><img class=\"alignnone size-medium wp-image-376\" src=\"https:\/\/mimus.com.br\/wp-content\/uploads\/2021\/09\/salome-7-1500x1304-1-300x261.jpg\" alt=\"\" width=\"300\" height=\"261\" \/> <img class=\"alignnone size-medium wp-image-374\" src=\"https:\/\/mimus.com.br\/wp-content\/uploads\/2021\/09\/salome3-1500x1304-1-300x261.jpg\" alt=\"\" width=\"300\" height=\"261\" \/> <img class=\"alignnone size-medium wp-image-373\" src=\"https:\/\/mimus.com.br\/wp-content\/uploads\/2021\/09\/salome2-1500x1304-1-300x261.jpg\" alt=\"\" width=\"300\" height=\"261\" \/> <img class=\"alignnone size-medium wp-image-372\" src=\"https:\/\/mimus.com.br\/wp-content\/uploads\/2021\/09\/salome1-1500x1304-1-300x261.jpg\" alt=\"\" width=\"300\" height=\"261\" \/><\/p><p><strong>FICHA T\u00c9CNICA<\/strong><\/p><ul><li>Texto e atua\u00e7\u00e3o: Deborah Moreira<\/li><li>Dire\u00e7\u00e3o: George Mascarenhas<\/li><li>Figurino: Marcio Akiyoshi<\/li><li>Ilumina\u00e7\u00e3o: Luciano Reis<\/li><li>Dire\u00e7\u00e3o Musical: Luciano Salvador Bahia<\/li><li>Musicistas: Daniela Penna e Isis Carla<\/li><li>Equipe t\u00e9cnica: Eliedson Rosa e Antonio Kika<\/li><li>Fotos: Sora Maia<\/li><\/ul>","_et_gb_content_width":"","footnotes":""},"project_category":[],"project_tag":[],"class_list":["post-1529","project","type-project","status-publish","has-post-thumbnail","hentry"],"_links":{"self":[{"href":"https:\/\/mimus.com.br\/en\/wp-json\/wp\/v2\/project\/1529","targetHints":{"allow":["GET"]}}],"collection":[{"href":"https:\/\/mimus.com.br\/en\/wp-json\/wp\/v2\/project"}],"about":[{"href":"https:\/\/mimus.com.br\/en\/wp-json\/wp\/v2\/types\/project"}],"author":[{"embeddable":true,"href":"https:\/\/mimus.com.br\/en\/wp-json\/wp\/v2\/users\/3"}],"replies":[{"embeddable":true,"href":"https:\/\/mimus.com.br\/en\/wp-json\/wp\/v2\/comments?post=1529"}],"version-history":[{"count":0,"href":"https:\/\/mimus.com.br\/en\/wp-json\/wp\/v2\/project\/1529\/revisions"}],"wp:featuredmedia":[{"embeddable":true,"href":"https:\/\/mimus.com.br\/en\/wp-json\/wp\/v2\/media\/361"}],"wp:attachment":[{"href":"https:\/\/mimus.com.br\/en\/wp-json\/wp\/v2\/media?parent=1529"}],"wp:term":[{"taxonomy":"project_category","embeddable":true,"href":"https:\/\/mimus.com.br\/en\/wp-json\/wp\/v2\/project_category?post=1529"},{"taxonomy":"project_tag","embeddable":true,"href":"https:\/\/mimus.com.br\/en\/wp-json\/wp\/v2\/project_tag?post=1529"}],"curies":[{"name":"wp","href":"https:\/\/api.w.org\/{rel}","templated":true}]}}

<p>[et_pb_section fb_built=&#8221;1&#8243; _builder_version=&#8221;4.10.7&#8243; _module_preset=&#8221;default&#8221; global_colors_info=&#8221;{}&#8221;][et_pb_row column_structure=&#8221;1_2,1_2&#8243; _builder_version=&#8221;4.10.7&#8243; _module_preset=&#8221;default&#8221; global_colors_info=&#8221;{}&#8221;][et_pb_column type=&#8221;1_2&#8243; _builder_version=&#8221;4.10.7&#8243; _module_preset=&#8221;default&#8221; global_colors_info=&#8221;{}&#8221;][et_pb_text _builder_version=&#8221;4.10.7&#8243; _module_preset=&#8221;default&#8221; text_font=&#8221;Arial||||||||&#8221; text_line_height=&#8221;1.5em&#8221; text_orientation=&#8221;justified&#8221; global_colors_info=&#8221;{}&#8221;]</p>
<h4><a href="https://mimus.com.br/en/"><img loading="lazy" decoding="async" class="wp-image-1934 alignnone " src="https://mimus.com.br/wp-content/uploads/2022/04/HOME-300x292.png" alt="" width="42" height="41" /> <strong>back to menu</strong></a></h4>
<p>&nbsp;</p>
<h1 id="portfolio-single-title" class="single-post-title entry-title">Alegria de viver</h1>
<p><strong>SCULPTURE (to Artist): “I made you. I shaped you as a sculptor.” </strong></p>
<p>The clash between a sculptor and his sculpture about the value of art, the role of the artist and the cultural market is the basis of Alegria de Viver. On stage, a Sculptor plans to get rid of his past works to start searching for new artistic forms.</p>
<p>A Sculpture comes to life to claim its place. As in a kaleidoscope, characters take turns on both roles: who is the artist and creature?</p>
<p>The result is a light show, full of beauty, poetry, plot twists, and humor.</p>
<p>&nbsp;</p>
<p>[/et_pb_text][et_pb_video src=&#8221;https://www.youtube.com/watch?v=oNyXfRoyWU8&#038;list=PL9-R2RKp-pNLjf86Ixlvil90ppMUhmgUX&#038;index=3&#8243; _builder_version=&#8221;4.10.7&#8243; _module_preset=&#8221;default&#8221; global_colors_info=&#8221;{}&#8221;][/et_pb_video][/et_pb_column][et_pb_column type=&#8221;1_2&#8243; _builder_version=&#8221;4.10.7&#8243; _module_preset=&#8221;default&#8221; global_colors_info=&#8221;{}&#8221;][et_pb_image src=&#8221;https://mimus.com.br/wp-content/uploads/2021/09/AlegriadeViver_FotoAlessandraNohvais_2913-2-1-e1579659473833.jpg&#8221; title_text=&#8221;AlegriadeViver_FotoAlessandraNohvais_2913-2-1-e1579659473833&#8243; _builder_version=&#8221;4.10.7&#8243; _module_preset=&#8221;default&#8221; width=&#8221;62.7%&#8221; custom_margin=&#8221;|221px||||&#8221; custom_padding=&#8221;|50px||||&#8221; global_colors_info=&#8221;{}&#8221;][/et_pb_image][et_pb_text _builder_version=&#8221;4.10.7&#8243; _module_preset=&#8221;default&#8221; text_font=&#8221;Arial||||||||&#8221; text_line_height=&#8221;1.5em&#8221; text_orientation=&#8221;justified&#8221; global_colors_info=&#8221;{}&#8221;]</p>
<h2><b>Cast and crew</b></h2>
<p>Written by: Deborah Moreira<br />Directed by: George Mascarenhas<br />Cast: Deborah Moreira e George Mascarenhas<br />Videos devised by: Dedeco Macedo<br />Light designer: Luciano Reis<br />Set and costume design by: Mimus – Cia. de Teatro<br />Music direction: Luciano Salvador Bahia</p>
<p>[/et_pb_text][/et_pb_column][/et_pb_row][et_pb_row _builder_version=&#8221;4.10.7&#8243; _module_preset=&#8221;default&#8221; global_colors_info=&#8221;{}&#8221;][et_pb_column type=&#8221;4_4&#8243; _builder_version=&#8221;4.10.7&#8243; _module_preset=&#8221;default&#8221; global_colors_info=&#8221;{}&#8221;][et_pb_gallery gallery_ids=&#8221;368,363,362,367,366,365,364,1084&#8243; posts_number=&#8221;20&#8243; _builder_version=&#8221;4.10.7&#8243; _module_preset=&#8221;default&#8221; title_text_color=&#8221;RGBA(0,0,0,0)&#8221; global_colors_info=&#8221;{}&#8221;][/et_pb_gallery][et_pb_text _builder_version=&#8221;4.10.7&#8243; _module_preset=&#8221;default&#8221; global_colors_info=&#8221;{}&#8221;]</p>
<h2>Running history</h2>
<p><strong>Opening: Teatro do ICBA &#8211; Instituto Goethe (Salvador &#8211; BA) &#8211; </strong>may 2009</p>
<p><strong>Performances<br /></strong>Instituto Goethe (Salvador-BA) &#8211; may/june 2009<br />Teatro SESI -Rio Vermelho (Salvador-Ba) &#8211; aug/sept 2009<br />II Festival Nacional de Teatro (BA) &#8211; 2010<br />II Mostra de Mímica Contemporânea (SP) &#8211; 2011<br />Teatro SESI &#8211; Rio Vermelho &#8211; oct 2011<br />Circulação interior &#8211; Ilhéus/Jequié/Brumado &#8211; Ba<br />III Mostra de Mímica Contemporânea (SP) &#8211; 2012<br />Teatro SESI &#8211; Rio Vermelho &#8211; oct 2012<br />Espaço Xisto Bahia &#8211; apr 2013 &#8211; Mostra Mimus<br />Projeto Feira Mimus &#8211; Feira de Santana (Ba) &#8211; Teatro Amélio Amorim &#8211; mar 2017</p>
<p>Alegria de Viver was nominated to Prêmio Brasken de Teatro &#8211;<br />2010 for Best Actor(George Mascarenhas) and Best Playwright (Deborah Moreira)</p>
<p>&nbsp;</p>
<p>[/et_pb_text][/et_pb_column][/et_pb_row][/et_pb_section]</p>

<p><img class="size-medium wp-image-375 alignright" src="https://mimus.com.br/wp-content/uploads/2021/09/salome5-1500x1304-1-300x261.jpg" alt="" width="300" height="261" />Uma mulher à procura de um lugar onde possa existir. Uma voz que deseja ser escutada. Uma história abafada pela versão oficial.</p><p>A conhecida história de Salomé é revisitada pela Mimus  para falar das muitas mulheres cujas vozes foram abafadas,  caladas, que tiveram de lutar para serem escutadas.</p><p>Ameaçada pela tirania e enfrentando o discurso opressivo do poder político instituído por sua mãe e padrasto, Salomé luta pela liberdade, enquanto tenta refazer a sua história para livrar-se da acusação de ter sido a responsável pelo assassinato de João Batista.</p><p>Tendo a voz de Salomé como eixo central, o espetáculo aborda temáticas e discussões contemporâneas como a exploração midiática de versões diversas de um mesmo fato, a necessidade de ver a história com novos olhos, o lugar do feminino na atualidade, as questões como poder, imagem, política e violência. Refazendo Salomé cruza vozes do passado e do presente, de mulheres em busca de sua própria verdade.</p><p style="text-align: center;">                                                      Fotos: Sora Maia</p><p><img class="alignnone size-medium wp-image-376" src="https://mimus.com.br/wp-content/uploads/2021/09/salome-7-1500x1304-1-300x261.jpg" alt="" width="300" height="261" /> <img class="alignnone size-medium wp-image-374" src="https://mimus.com.br/wp-content/uploads/2021/09/salome3-1500x1304-1-300x261.jpg" alt="" width="300" height="261" /> <img class="alignnone size-medium wp-image-373" src="https://mimus.com.br/wp-content/uploads/2021/09/salome2-1500x1304-1-300x261.jpg" alt="" width="300" height="261" /> <img class="alignnone size-medium wp-image-372" src="https://mimus.com.br/wp-content/uploads/2021/09/salome1-1500x1304-1-300x261.jpg" alt="" width="300" height="261" /></p><p><strong>FICHA TÉCNICA</strong></p><ul><li>Texto e atuação: Deborah Moreira</li><li>Direção: George Mascarenhas</li><li>Figurino: Marcio Akiyoshi</li><li>Iluminação: Luciano Reis</li><li>Direção Musical: Luciano Salvador Bahia</li><li>Musicistas: Daniela Penna e Isis Carla</li><li>Equipe técnica: Eliedson Rosa e Antonio Kika</li><li>Fotos: Sora Maia</li></ul>
