{"id":1524,"date":"2022-04-22T12:06:29","date_gmt":"2022-04-22T15:06:29","guid":{"rendered":"https:\/\/mimus.com.br\/?post_type=project&#038;p=1524"},"modified":"2022-05-04T06:35:18","modified_gmt":"2022-05-04T09:35:18","slug":"jogo-da-memoria-eng","status":"publish","type":"project","link":"https:\/\/mimus.com.br\/en\/project\/jogo-da-memoria-eng\/","title":{"rendered":"JOGO DA MEM\u00d3RIA ENG"},"content":{"rendered":"<p>[et_pb_section fb_built=&#8221;1&#8243; _builder_version=&#8221;4.10.7&#8243; _module_preset=&#8221;default&#8221; global_colors_info=&#8221;{}&#8221;][et_pb_row column_structure=&#8221;1_2,1_2&#8243; _builder_version=&#8221;4.10.7&#8243; _module_preset=&#8221;default&#8221; global_colors_info=&#8221;{}&#8221;][et_pb_column type=&#8221;1_2&#8243; _builder_version=&#8221;4.10.7&#8243; _module_preset=&#8221;default&#8221; global_colors_info=&#8221;{}&#8221;][et_pb_text _builder_version=&#8221;4.10.7&#8243; _module_preset=&#8221;default&#8221; text_font=&#8221;Arial||||||||&#8221; text_line_height=&#8221;1.5em&#8221; text_orientation=&#8221;justified&#8221; global_colors_info=&#8221;{}&#8221;]<\/p>\n<h4><a href=\"https:\/\/mimus.com.br\/en\/\"><img loading=\"lazy\" decoding=\"async\" class=\"wp-image-1934 alignnone \" src=\"https:\/\/mimus.com.br\/wp-content\/uploads\/2022\/04\/HOME-300x292.png\" alt=\"\" width=\"42\" height=\"41\" \/> <strong>back to menu<\/strong><\/a><\/h4>\n<h1>\u00a0<\/h1>\n<h1 id=\"portfolio-single-title\" class=\"single-post-title entry-title\"><strong>Jogo da mem\u00f3ria<\/strong><\/h1>\n<p><strong>What if we could go back in time? What if the choices we made had been different? What if none of that had happened? What if the paths had led somewhere else? What if we could have had more time?<\/strong><\/p>\n<p>Inspired by the principles and procedures of different games, the show addresses the relationship between remembering, forgetting, and the desire to control time, based on the metaphor of a traffic accident.<\/p>\n<p>On stage, built like a game board, the two actors play eight characters who share their points of view and relive or try to reconstruct the car accident, from their own perspectives.<\/p>\n<p>As in a memory game, the different points of view are demonstrated to gradually build new versions of the fact. The show brings to light the shattered limits of memory and its relationships with time and the frequent desire to change that which belongs to the past.<\/p>\n<p>&nbsp;<\/p>\n<p>[\/et_pb_text][et_pb_video src=&#8221;https:\/\/www.youtube.com\/watch?v=s-hXrurrCyg&#038;list=PL9-R2RKp-pNLjf86Ixlvil90ppMUhmgUX&#038;index=2&#8243; _builder_version=&#8221;4.10.7&#8243; _module_preset=&#8221;default&#8221; global_colors_info=&#8221;{}&#8221;][\/et_pb_video][\/et_pb_column][et_pb_column type=&#8221;1_2&#8243; _builder_version=&#8221;4.10.7&#8243; _module_preset=&#8221;default&#8221; global_colors_info=&#8221;{}&#8221;][et_pb_image src=&#8221;https:\/\/mimus.com.br\/wp-content\/uploads\/2021\/09\/NIKON-D300S285-e1569731070372-1-1500&#215;1304-1.jpg&#8221; title_text=&#8221;AlegriadeViver_FotoAlessandraNohvais_2913-2-1-e1579659473833&#8243; _builder_version=&#8221;4.10.7&#8243; _module_preset=&#8221;default&#8221; custom_margin=&#8221;||38px|||&#8221; custom_padding=&#8221;0px|||||&#8221; global_colors_info=&#8221;{}&#8221;][\/et_pb_image][et_pb_text _builder_version=&#8221;4.10.7&#8243; _module_preset=&#8221;default&#8221; text_font=&#8221;Arial||||||||&#8221; text_letter_spacing=&#8221;1px&#8221; text_line_height=&#8221;1.5em&#8221; min_height=&#8221;452px&#8221; custom_margin=&#8221;-9px|||||&#8221; custom_padding=&#8221;74px|||||&#8221; global_colors_info=&#8221;{}&#8221;]<\/p>\n<h2><strong>Ficha t\u00e9cnica<\/strong><\/h2>\n<p>Texto: DEBORAH MOREIRA<br \/>Dire\u00e7\u00e3o: GEORGE MASCARENHAS<br \/>Elenco: DEBORAH MOREIRA E GEORGE MASCARENHAS<br \/>Ilumina\u00e7\u00e3o: LUCIANO REIS<br \/>Trilha sonora: LUCIANO SALVADOR BAHIA<br \/>Figurinos:<br \/>Concep\u00e7\u00e3o<em>:\u00a0<\/em>J\u00d4 SOUZA E MARCIO AKIYOSHI<br \/>Execu\u00e7\u00e3o dos <em>looks:\u00a0<\/em>M\u00c1RCIO AKIYOSHI<br \/>Visagista: WILSON D\u2019ARGOLO<br \/>Cenografia e adere\u00e7os:<br \/>Concep\u00e7\u00e3o de cenografia e adere\u00e7os: GEORGE MASCARENHAS<br \/>Concep\u00e7\u00e3o audiovisual: DEDECO MACEDO<br \/>Design gr\u00e1fico: TINA GUEDES<\/p>\n<p>[\/et_pb_text][\/et_pb_column][\/et_pb_row][et_pb_row _builder_version=&#8221;4.10.7&#8243; _module_preset=&#8221;default&#8221; global_colors_info=&#8221;{}&#8221;][et_pb_column type=&#8221;4_4&#8243; _builder_version=&#8221;4.10.7&#8243; _module_preset=&#8221;default&#8221; global_colors_info=&#8221;{}&#8221;][et_pb_gallery gallery_ids=&#8221;404,403,402,401,400,399,984&#8243; posts_number=&#8221;10&#8243; _builder_version=&#8221;4.10.7&#8243; _module_preset=&#8221;default&#8221; title_text_color=&#8221;RGBA(0,0,0,0)&#8221; global_colors_info=&#8221;{}&#8221;][\/et_pb_gallery][et_pb_text _builder_version=&#8221;4.10.7&#8243; _module_preset=&#8221;default&#8221; global_colors_info=&#8221;{}&#8221;]<\/p>\n<h2>Running history<\/h2>\n<p>Opening: IV MOSTRA DE M\u00cdMICA CONTEMPOR\u00c2NEA &#8211; S\u00e3o Paulo (SP) &#8211; set\/2012<\/p>\n<p>Performances<br \/>Teatro SESI &#8211; Rio Vermelho (Salvador &#8211; BA) &#8211; oct 2012 &#8211; jan. 2013<br \/>Projeto Mostra Mimus &#8211; Espa\u00e7o Xisto Bahia &#8211; Salvador &#8211; BA &#8211; apr 2013<br \/>Festival Internacional de M\u00edmica de Bras\u00edlia (DF) &#8211; Teatro Pl\u00ednio Marcos e Teatro SESI &#8211; Taguatinga &#8211;\u00a0 may 2013<br \/>Projeto Feira Mimus &#8211; Teatro Am\u00e9lio Amorim &#8211; Feira de Santana (BA) &#8211; apr 2016<\/p>\n<p>[\/et_pb_text][\/et_pb_column][\/et_pb_row][et_pb_row column_structure=&#8221;1_4,1_2,1_4&#8243; _builder_version=&#8221;4.10.7&#8243; _module_preset=&#8221;default&#8221; global_colors_info=&#8221;{}&#8221;][et_pb_column type=&#8221;1_4&#8243; _builder_version=&#8221;4.10.7&#8243; _module_preset=&#8221;default&#8221; global_colors_info=&#8221;{}&#8221;][\/et_pb_column][et_pb_column type=&#8221;1_2&#8243; _builder_version=&#8221;4.10.7&#8243; _module_preset=&#8221;default&#8221; global_colors_info=&#8221;{}&#8221;][\/et_pb_column][et_pb_column type=&#8221;1_4&#8243; _builder_version=&#8221;4.10.7&#8243; _module_preset=&#8221;default&#8221; global_colors_info=&#8221;{}&#8221;][\/et_pb_column][\/et_pb_row][\/et_pb_section]<\/p>\n","protected":false},"excerpt":{"rendered":"<p>back to menu \u00a0 Jogo da mem\u00f3ria What if we could go back in time? What if the choices we made had been different? What if none of that had happened? What if the paths had led somewhere else? What if we could have had more time? Inspired by the principles and procedures of different [&hellip;]<\/p>\n","protected":false},"author":3,"featured_media":414,"comment_status":"open","ping_status":"closed","template":"","meta":{"_et_pb_use_builder":"on","_et_pb_old_content":"<p><img class=\"size-medium wp-image-375 alignright\" src=\"https:\/\/mimus.com.br\/wp-content\/uploads\/2021\/09\/salome5-1500x1304-1-300x261.jpg\" alt=\"\" width=\"300\" height=\"261\" \/>Uma mulher \u00e0 procura de um lugar onde possa existir. Uma voz que deseja ser escutada.\u00a0Uma hist\u00f3ria abafada pela vers\u00e3o oficial.<\/p><p>A conhecida hist\u00f3ria de Salom\u00e9 \u00e9 revisitada pela Mimus\u00a0 para falar das muitas mulheres cujas vozes foram abafadas,\u00a0 caladas, que tiveram de lutar para serem escutadas.<\/p><p>Amea\u00e7ada pela tirania e enfrentando o discurso opressivo do poder pol\u00edtico institu\u00eddo por sua m\u00e3e e padrasto, Salom\u00e9 luta pela liberdade, enquanto tenta refazer a sua hist\u00f3ria para livrar-se da acusa\u00e7\u00e3o de ter sido a respons\u00e1vel pelo assassinato de Jo\u00e3o Batista.<\/p><p>Tendo a voz de Salom\u00e9 como eixo central, o espet\u00e1culo aborda tem\u00e1ticas e discuss\u00f5es contempor\u00e2neas como a explora\u00e7\u00e3o midi\u00e1tica de vers\u00f5es diversas de um mesmo fato, a necessidade de ver a hist\u00f3ria com novos olhos, o lugar do feminino na atualidade, as quest\u00f5es como poder, imagem, pol\u00edtica e viol\u00eancia. Refazendo Salom\u00e9 cruza vozes do passado e do presente, de mulheres em busca de sua pr\u00f3pria verdade.<\/p><p style=\"text-align: center;\">\u00a0 \u00a0 \u00a0 \u00a0 \u00a0 \u00a0 \u00a0 \u00a0 \u00a0 \u00a0 \u00a0 \u00a0 \u00a0 \u00a0 \u00a0 \u00a0 \u00a0 \u00a0 \u00a0 \u00a0 \u00a0 \u00a0 \u00a0 \u00a0 \u00a0 \u00a0 \u00a0 Fotos: Sora Maia<\/p><p><img class=\"alignnone size-medium wp-image-376\" src=\"https:\/\/mimus.com.br\/wp-content\/uploads\/2021\/09\/salome-7-1500x1304-1-300x261.jpg\" alt=\"\" width=\"300\" height=\"261\" \/> <img class=\"alignnone size-medium wp-image-374\" src=\"https:\/\/mimus.com.br\/wp-content\/uploads\/2021\/09\/salome3-1500x1304-1-300x261.jpg\" alt=\"\" width=\"300\" height=\"261\" \/> <img class=\"alignnone size-medium wp-image-373\" src=\"https:\/\/mimus.com.br\/wp-content\/uploads\/2021\/09\/salome2-1500x1304-1-300x261.jpg\" alt=\"\" width=\"300\" height=\"261\" \/> <img class=\"alignnone size-medium wp-image-372\" src=\"https:\/\/mimus.com.br\/wp-content\/uploads\/2021\/09\/salome1-1500x1304-1-300x261.jpg\" alt=\"\" width=\"300\" height=\"261\" \/><\/p><p><strong>FICHA T\u00c9CNICA<\/strong><\/p><ul><li>Texto e atua\u00e7\u00e3o: Deborah Moreira<\/li><li>Dire\u00e7\u00e3o: George Mascarenhas<\/li><li>Figurino: Marcio Akiyoshi<\/li><li>Ilumina\u00e7\u00e3o: Luciano Reis<\/li><li>Dire\u00e7\u00e3o Musical: Luciano Salvador Bahia<\/li><li>Musicistas: Daniela Penna e Isis Carla<\/li><li>Equipe t\u00e9cnica: Eliedson Rosa e Antonio Kika<\/li><li>Fotos: Sora Maia<\/li><\/ul>","_et_gb_content_width":"","footnotes":""},"project_category":[],"project_tag":[],"class_list":["post-1524","project","type-project","status-publish","has-post-thumbnail","hentry"],"_links":{"self":[{"href":"https:\/\/mimus.com.br\/en\/wp-json\/wp\/v2\/project\/1524","targetHints":{"allow":["GET"]}}],"collection":[{"href":"https:\/\/mimus.com.br\/en\/wp-json\/wp\/v2\/project"}],"about":[{"href":"https:\/\/mimus.com.br\/en\/wp-json\/wp\/v2\/types\/project"}],"author":[{"embeddable":true,"href":"https:\/\/mimus.com.br\/en\/wp-json\/wp\/v2\/users\/3"}],"replies":[{"embeddable":true,"href":"https:\/\/mimus.com.br\/en\/wp-json\/wp\/v2\/comments?post=1524"}],"version-history":[{"count":0,"href":"https:\/\/mimus.com.br\/en\/wp-json\/wp\/v2\/project\/1524\/revisions"}],"wp:featuredmedia":[{"embeddable":true,"href":"https:\/\/mimus.com.br\/en\/wp-json\/wp\/v2\/media\/414"}],"wp:attachment":[{"href":"https:\/\/mimus.com.br\/en\/wp-json\/wp\/v2\/media?parent=1524"}],"wp:term":[{"taxonomy":"project_category","embeddable":true,"href":"https:\/\/mimus.com.br\/en\/wp-json\/wp\/v2\/project_category?post=1524"},{"taxonomy":"project_tag","embeddable":true,"href":"https:\/\/mimus.com.br\/en\/wp-json\/wp\/v2\/project_tag?post=1524"}],"curies":[{"name":"wp","href":"https:\/\/api.w.org\/{rel}","templated":true}]}}

JOGO DA MEMÓRIA ENG

<p>[et_pb_section fb_built=&#8221;1&#8243; _builder_version=&#8221;4.10.7&#8243; _module_preset=&#8221;default&#8221; global_colors_info=&#8221;{}&#8221;][et_pb_row column_structure=&#8221;1_2,1_2&#8243; _builder_version=&#8221;4.10.7&#8243; _module_preset=&#8221;default&#8221; global_colors_info=&#8221;{}&#8221;][et_pb_column type=&#8221;1_2&#8243; _builder_version=&#8221;4.10.7&#8243; _module_preset=&#8221;default&#8221; global_colors_info=&#8221;{}&#8221;][et_pb_text _builder_version=&#8221;4.10.7&#8243; _module_preset=&#8221;default&#8221; text_font=&#8221;Arial||||||||&#8221; text_line_height=&#8221;1.5em&#8221; text_orientation=&#8221;justified&#8221; global_colors_info=&#8221;{}&#8221;]</p>
<h4><a href="https://mimus.com.br/en/"><img loading="lazy" decoding="async" class="wp-image-1934 alignnone " src="https://mimus.com.br/wp-content/uploads/2022/04/HOME-300x292.png" alt="" width="42" height="41" /> <strong>back to menu</strong></a></h4>
<h1> </h1>
<h1 id="portfolio-single-title" class="single-post-title entry-title"><strong>Jogo da memória</strong></h1>
<p><strong>What if we could go back in time? What if the choices we made had been different? What if none of that had happened? What if the paths had led somewhere else? What if we could have had more time?</strong></p>
<p>Inspired by the principles and procedures of different games, the show addresses the relationship between remembering, forgetting, and the desire to control time, based on the metaphor of a traffic accident.</p>
<p>On stage, built like a game board, the two actors play eight characters who share their points of view and relive or try to reconstruct the car accident, from their own perspectives.</p>
<p>As in a memory game, the different points of view are demonstrated to gradually build new versions of the fact. The show brings to light the shattered limits of memory and its relationships with time and the frequent desire to change that which belongs to the past.</p>
<p>&nbsp;</p>
<p>[/et_pb_text][et_pb_video src=&#8221;https://www.youtube.com/watch?v=s-hXrurrCyg&#038;list=PL9-R2RKp-pNLjf86Ixlvil90ppMUhmgUX&#038;index=2&#8243; _builder_version=&#8221;4.10.7&#8243; _module_preset=&#8221;default&#8221; global_colors_info=&#8221;{}&#8221;][/et_pb_video][/et_pb_column][et_pb_column type=&#8221;1_2&#8243; _builder_version=&#8221;4.10.7&#8243; _module_preset=&#8221;default&#8221; global_colors_info=&#8221;{}&#8221;][et_pb_image src=&#8221;https://mimus.com.br/wp-content/uploads/2021/09/NIKON-D300S285-e1569731070372-1-1500&#215;1304-1.jpg&#8221; title_text=&#8221;AlegriadeViver_FotoAlessandraNohvais_2913-2-1-e1579659473833&#8243; _builder_version=&#8221;4.10.7&#8243; _module_preset=&#8221;default&#8221; custom_margin=&#8221;||38px|||&#8221; custom_padding=&#8221;0px|||||&#8221; global_colors_info=&#8221;{}&#8221;][/et_pb_image][et_pb_text _builder_version=&#8221;4.10.7&#8243; _module_preset=&#8221;default&#8221; text_font=&#8221;Arial||||||||&#8221; text_letter_spacing=&#8221;1px&#8221; text_line_height=&#8221;1.5em&#8221; min_height=&#8221;452px&#8221; custom_margin=&#8221;-9px|||||&#8221; custom_padding=&#8221;74px|||||&#8221; global_colors_info=&#8221;{}&#8221;]</p>
<h2><strong>Ficha técnica</strong></h2>
<p>Texto: DEBORAH MOREIRA<br />Direção: GEORGE MASCARENHAS<br />Elenco: DEBORAH MOREIRA E GEORGE MASCARENHAS<br />Iluminação: LUCIANO REIS<br />Trilha sonora: LUCIANO SALVADOR BAHIA<br />Figurinos:<br />Concepção<em>: </em>JÔ SOUZA E MARCIO AKIYOSHI<br />Execução dos <em>looks: </em>MÁRCIO AKIYOSHI<br />Visagista: WILSON D’ARGOLO<br />Cenografia e adereços:<br />Concepção de cenografia e adereços: GEORGE MASCARENHAS<br />Concepção audiovisual: DEDECO MACEDO<br />Design gráfico: TINA GUEDES</p>
<p>[/et_pb_text][/et_pb_column][/et_pb_row][et_pb_row _builder_version=&#8221;4.10.7&#8243; _module_preset=&#8221;default&#8221; global_colors_info=&#8221;{}&#8221;][et_pb_column type=&#8221;4_4&#8243; _builder_version=&#8221;4.10.7&#8243; _module_preset=&#8221;default&#8221; global_colors_info=&#8221;{}&#8221;][et_pb_gallery gallery_ids=&#8221;404,403,402,401,400,399,984&#8243; posts_number=&#8221;10&#8243; _builder_version=&#8221;4.10.7&#8243; _module_preset=&#8221;default&#8221; title_text_color=&#8221;RGBA(0,0,0,0)&#8221; global_colors_info=&#8221;{}&#8221;][/et_pb_gallery][et_pb_text _builder_version=&#8221;4.10.7&#8243; _module_preset=&#8221;default&#8221; global_colors_info=&#8221;{}&#8221;]</p>
<h2>Running history</h2>
<p>Opening: IV MOSTRA DE MÍMICA CONTEMPORÂNEA &#8211; São Paulo (SP) &#8211; set/2012</p>
<p>Performances<br />Teatro SESI &#8211; Rio Vermelho (Salvador &#8211; BA) &#8211; oct 2012 &#8211; jan. 2013<br />Projeto Mostra Mimus &#8211; Espaço Xisto Bahia &#8211; Salvador &#8211; BA &#8211; apr 2013<br />Festival Internacional de Mímica de Brasília (DF) &#8211; Teatro Plínio Marcos e Teatro SESI &#8211; Taguatinga &#8211;  may 2013<br />Projeto Feira Mimus &#8211; Teatro Amélio Amorim &#8211; Feira de Santana (BA) &#8211; apr 2016</p>
<p>[/et_pb_text][/et_pb_column][/et_pb_row][et_pb_row column_structure=&#8221;1_4,1_2,1_4&#8243; _builder_version=&#8221;4.10.7&#8243; _module_preset=&#8221;default&#8221; global_colors_info=&#8221;{}&#8221;][et_pb_column type=&#8221;1_4&#8243; _builder_version=&#8221;4.10.7&#8243; _module_preset=&#8221;default&#8221; global_colors_info=&#8221;{}&#8221;][/et_pb_column][et_pb_column type=&#8221;1_2&#8243; _builder_version=&#8221;4.10.7&#8243; _module_preset=&#8221;default&#8221; global_colors_info=&#8221;{}&#8221;][/et_pb_column][et_pb_column type=&#8221;1_4&#8243; _builder_version=&#8221;4.10.7&#8243; _module_preset=&#8221;default&#8221; global_colors_info=&#8221;{}&#8221;][/et_pb_column][/et_pb_row][/et_pb_section]</p>

<p>back to menu   Jogo da memória What if we could go back in time? What if the choices we made had been different? What if none of that had happened? What if the paths had led somewhere else? What if we could have had more time? Inspired by the principles and procedures of different [&hellip;]</p>

<p><img class="size-medium wp-image-375 alignright" src="https://mimus.com.br/wp-content/uploads/2021/09/salome5-1500x1304-1-300x261.jpg" alt="" width="300" height="261" />Uma mulher à procura de um lugar onde possa existir. Uma voz que deseja ser escutada. Uma história abafada pela versão oficial.</p><p>A conhecida história de Salomé é revisitada pela Mimus  para falar das muitas mulheres cujas vozes foram abafadas,  caladas, que tiveram de lutar para serem escutadas.</p><p>Ameaçada pela tirania e enfrentando o discurso opressivo do poder político instituído por sua mãe e padrasto, Salomé luta pela liberdade, enquanto tenta refazer a sua história para livrar-se da acusação de ter sido a responsável pelo assassinato de João Batista.</p><p>Tendo a voz de Salomé como eixo central, o espetáculo aborda temáticas e discussões contemporâneas como a exploração midiática de versões diversas de um mesmo fato, a necessidade de ver a história com novos olhos, o lugar do feminino na atualidade, as questões como poder, imagem, política e violência. Refazendo Salomé cruza vozes do passado e do presente, de mulheres em busca de sua própria verdade.</p><p style="text-align: center;">                                                      Fotos: Sora Maia</p><p><img class="alignnone size-medium wp-image-376" src="https://mimus.com.br/wp-content/uploads/2021/09/salome-7-1500x1304-1-300x261.jpg" alt="" width="300" height="261" /> <img class="alignnone size-medium wp-image-374" src="https://mimus.com.br/wp-content/uploads/2021/09/salome3-1500x1304-1-300x261.jpg" alt="" width="300" height="261" /> <img class="alignnone size-medium wp-image-373" src="https://mimus.com.br/wp-content/uploads/2021/09/salome2-1500x1304-1-300x261.jpg" alt="" width="300" height="261" /> <img class="alignnone size-medium wp-image-372" src="https://mimus.com.br/wp-content/uploads/2021/09/salome1-1500x1304-1-300x261.jpg" alt="" width="300" height="261" /></p><p><strong>FICHA TÉCNICA</strong></p><ul><li>Texto e atuação: Deborah Moreira</li><li>Direção: George Mascarenhas</li><li>Figurino: Marcio Akiyoshi</li><li>Iluminação: Luciano Reis</li><li>Direção Musical: Luciano Salvador Bahia</li><li>Musicistas: Daniela Penna e Isis Carla</li><li>Equipe técnica: Eliedson Rosa e Antonio Kika</li><li>Fotos: Sora Maia</li></ul>
